ctors of 15237.
3, 1693
List the prime factors of 1073.
29, 37
What are the prime factors of 5704?
2, 23, 31
List the prime factors of 3078.
2, 3, 19
List the prime factors of 1842.
2, 3, 307
What are the prime factors of 96891?
3, 32297
List the prime factors of 34955.
5, 6991
What are the prime factors of 7816?
2, 977
What are the prime factors of 108491?
23, 53, 89
List the prime factors of 73920.
2, 3, 5, 7, 11
What are the prime factors of 1367?
1367
List the prime factors of 10342.
2, 5171
List the prime factors of 2581.
29, 89
List the prime factors of 14865.
3, 5, 991
What are the prime factors of 40066?
2, 13, 23, 67
List the prime factors of 2105.
5, 421
List the prime factors of 72926.
2, 7, 5209
What are the prime factors of 44191?
7, 59, 107
What are the prime factors of 79352?
2, 7, 13, 109
What are the prime factors of 27908?
2, 6977
What are the prime factors of 117?
3, 13
What are the prime factors of 59035?
5, 11807
List the prime factors of 2698.
2, 19, 71
List the prime factors of 31369.
13, 19, 127
What are the prime factors of 8990?
2, 5, 29, 31
What are the prime factors of 875?
5, 7
List the prime factors of 4844.
2, 7, 173
What are the prime factors of 1788?
2, 3, 149
List the prime factors of 384.
2, 3
What are the prime factors of 2035?
5, 11, 37
What are the prime factors of 20023?
20023
What are the prime factors of 75650?
2, 5, 17, 89
What are the prime factors of 1205?
5, 241
List the prime factors of 18624.
2, 3, 97
List the prime factors of 10251.
3, 17, 67
What are the prime factors of 30263?
53, 571
List the prime factors of 54157.
31, 1747
List the prime factors of 462.
2, 3, 7, 11
List the prime factors of 2599.
23, 113
What are the prime factors of 6274?
2, 3137
List the prime factors of 26008.
2, 3251
What are the prime factors of 12194?
2, 7, 13, 67
List the prime factors of 898.
2, 449
List the prime factors of 779.
19, 41
List the prime factors of 2458.
2, 1229
List the prime factors of 38568.
2, 3, 1607
List the prime factors of 2673.
3, 11
List the prime factors of 16142.
2, 7, 1153
List the prime factors of 427.
7, 61
What are the prime factors of 43239?
3, 7, 29, 71
List the prime factors of 29061.
3, 3229
List the prime factors of 53107.
23, 2309
List the prime factors of 26733.
3, 7, 19, 67
What are the prime factors of 172?
2, 43
List the prime factors of 75631.
53, 1427
List the prime factors of 1030.
2, 5, 103
List the prime factors of 1609.
1609
What are the prime factors of 15119?
13, 1163
List the prime factors of 4769.
19, 251
List the prime factors of 3299.
3299
What are the prime factors of 1139?
17, 67
What are the prime factors of 61?
61
What are the prime factors of 6548?
2, 1637
List the prime factors of 3651.
3, 1217
List the prime factors of 997.
997
What are the prime factors of 924?
2, 3, 7, 11
List the prime factors of 1273.
19, 67
List the prime factors of 669.
3, 223
What are the prime factors of 1452?
2, 3, 11
List the prime factors of 1341.
3, 149
What are the prime factors of 22750?
2, 5, 7, 13
List the prime factors of 85.
5, 17
List the prime factors of 15743.
7, 13, 173
List the prime factors of 1786.
2, 19, 47
What are the prime factors of 998?
2, 499
What are the prime factors of 7709?
13, 593
List the prime factors of 184.
2, 23
What are the prime factors of 13382?
2, 6691
What are the prime factors of 3166?
2, 1583
List the prime factors of 39416.
2, 13, 379
List the prime factors of 45259.
45259
What are the prime factors of 4555?
5, 911
List the prime factors of 42265.
5, 79, 107
List the prime factors of 2571.
3, 857
What are the prime factors of 911?
911
List the prime factors of 48355.
5, 19, 509
List the prime factors of 10747.
11, 977
What are the prime factors of 1083?
3, 19
What are the prime factors of 1193?
1193
What are the prime factors of 6340?
2, 5, 317
What are the prime factors of 21728?
2, 7, 97
List the prime factors of 4200.
2, 3, 5, 7
List the prime factors of 8366.
2, 47, 89
List the prime factors of 11127.
3, 3709
List the prime factors of 22134.
2, 3, 7, 17, 31
What are the prime factors of 6637?
6637
List the prime factors of 54658.
2, 27329
List the prime factors of 257.
257
List the prime factors of 8848.
2, 7, 79
List the prime factors of 12075.
3, 5, 7, 23
List the prime factors of 11705.
5, 2341
What are the prime factors of 8307?
3, 13, 71
List the prime factors of 27616.
2, 863
List the prime factors of 30917.
43, 719
What are the prime factors of 30186?
2, 3, 13, 43
List the prime factors of 1060.
2, 5, 53
List the prime factors of 835.
5, 167
What are the prime factors of 32175?
3, 5, 11, 13
What are the prime factors of 59454?
2, 3, 367
What are the prime factors of 286?
2, 11, 13
What are the prime factors of 33125?
5, 53
What are the prime factors of 1850?
2, 5, 37
What are the prime factors of 50793?
3, 16931
What are the prime factors of 1069?
1069
What are the prime factors of 13551?
3, 4517
List the prime factors of 6294.
2, 3, 1049
List the prime factors of 228.
2, 3, 19
What are the prime factors of 1383?
3, 461
What are the prime factors of 67595?
5, 11, 1229
What are the prime factors of 3159?
3, 13
List the prime factors of 25659.
3, 2851
List the prime factors of 12899.
12899
What are the prime factors of 15535?
5, 13, 239
What are the prime factors of 36825?
3, 5, 491
List the prime factors of 5415.
3, 5, 19
What are the prime factors of 4053?
3, 7, 193
What are the prime factors of 9868?
2, 2467
List the prime factors of 2432.
2, 19
What are the prime factors of 36045?
3, 5, 89
List the prime factors of 90002.
2, 11, 4091
List the prime factors of 12721.
12721
What are the prime factors of 1912?
2, 239
What are the prime factors of 24794?
2, 7, 11, 23
What are the prime factors of 396?
2, 3, 11
What are the prime factors of 115061?
115061
What are the prime factors of 1688?
2, 211
What are the prime factors of 438?
2, 3, 73
List the prime factors of 355.
5, 71
List the prime factors of 515.
5, 103
List the prime factors of 1100.
2, 5, 11
List the prime factors of 4182.
2, 3, 17, 41
What are the prime factors of 6065?
5, 1213
What are the prime factors of 12976?
2, 811
What are the prime factors of 15673?
7, 2239
What are the prime factors of 1782?
2, 3, 11
What are the prime factors of 2400?
2, 3, 5
List the prime factors of 21157.
21157
List the prime factors of 190.
2, 5, 19
List the prime factors of 2575.
5, 103
List the prime factors of 34535.
5, 6907
List the prime factors of 557.
557
List the prime factors of 12801.
3, 17, 251
List the prime factors of 1810.
2, 5, 181
What are the prime factors of 352?
2, 11
List the prime factors of 31214.
2, 15607
List the prime factors of 56847.
3, 7, 2707
List the prime factors of 58.
2, 29
List the prime factors of 1596.
2, 3, 7, 19
What are the prime factors of 2755?
5, 19, 29
What are the prime factors of 3348?
2, 3, 31
What are the prime factors of 4061?
31, 131
What are the prime factors of 35264?
2, 19, 29
List the prime factors of 4529.
7, 647
What are the prime factors of 1266?
2, 3, 211
List the prime factors of 28694.
2, 14347
What are the prime factors of 1316?
2, 7, 47
What are the prime factors of 19218?
2, 3, 3203
What are the prime factors of 4950?
2, 3, 5, 11
List the prime factors of 1302.
2, 3, 7, 31
List the prime factors of 1206.
2, 3, 67
List the prime factors of 36667.
37, 991
What are the prime factors of 22565?
5, 4513
List the prime factors of 18880.
2, 5, 59
List the prime factors of 64109.
64109
List the prime factors of 108035.
5, 17, 31, 41
What are the prime factors of 1316?
2, 7, 47
List the prime factors of 4097.
17, 241
What are the prime factors of 97387?
97387
What are the prime factors of 2643?
3, 881
List the prime factors of 11877.
3, 37, 107
List the prime factors of 537.
3, 179
What are the prime factors of 4650?
2, 3, 5, 31
List the prime factors of 57078.
2, 3, 7, 151
What are the prime factors of 40499?
40499
What are the prime factors of 9522?
2, 3, 23
What are the prime factors of 11859?
3, 59, 67
List the prime factors of 39629.
23, 1723
List the prime factors of 2304.
2, 3
List the prime factors of 22413.
3, 31, 241
What are the prime factors of 48595?
5, 9719
What are the prime factors of 3992?
2, 499
List the prime factors